{"id":250,"date":"2025-02-25T20:08:51","date_gmt":"2025-02-25T19:08:51","guid":{"rendered":"http:\/\/localhost\/wordpresslocal\/syld\/?post_type=product&#038;p=250"},"modified":"2025-03-06T08:04:04","modified_gmt":"2025-03-06T07:04:04","slug":"acuafiesta","status":"publish","type":"product","link":"https:\/\/serviciosydeportes.com.co\/?product=acuafiesta","title":{"rendered":"Acuafiesta"},"content":{"rendered":"","protected":false},"excerpt":{"rendered":"<div>\n<h3 data-start=\"129\" data-end=\"198\"><span style=\"color: #ff0000;\"><em>SUSPENDIDO TEMPORALMENTE &#8211; PRONTO SE RE-ACTIVARA<\/em><\/span><br \/>\n\ud83c\udf89 <strong data-start=\"136\" data-end=\"196\">Fiesta en la Piscina: \u00a1Cumplea\u00f1os, Diversi\u00f3n y Aventura!<\/strong><\/h3>\n<p data-start=\"199\" data-end=\"443\">Te invitamos a celebrar un <strong data-start=\"226\" data-end=\"252\">cumplea\u00f1os inolvidable<\/strong> junto a tus amigos en nuestra <strong data-start=\"283\" data-end=\"307\">fiesta en la piscina<\/strong>. Disfruta de un d\u00eda lleno de <strong data-start=\"337\" data-end=\"376\">juegos acu\u00e1ticos, risas y sorpresas<\/strong> en un espacio seguro y especialmente dise\u00f1ado para la diversi\u00f3n.<\/p>\n<p data-start=\"445\" data-end=\"615\">Sum\u00e9rgete en una experiencia \u00fanica, rodeado de agua y acompa\u00f1ado por instructores calificados que garantizar\u00e1n la seguridad y el entretenimiento de todos los invitados.<\/p>\n<p data-start=\"617\" data-end=\"880\">\u2705 <strong data-start=\"619\" data-end=\"643\">Actividades guiadas:<\/strong> Juegos, competencias y din\u00e1micas adaptadas a todas las edades.<br data-start=\"706\" data-end=\"709\" \/>\u2705 <strong data-start=\"711\" data-end=\"735\">Espacios exclusivos:<\/strong> Piscina climatizada y \u00e1reas decoradas para celebrar en grande.<br data-start=\"798\" data-end=\"801\" \/>\u2705 <strong data-start=\"803\" data-end=\"824\">Diversi\u00f3n segura:<\/strong> Supervisi\u00f3n constante por profesionales certificados.<\/p>\n<p data-start=\"882\" data-end=\"1020\">\u00a1Ven a <strong data-start=\"889\" data-end=\"916\">nadar, jugar y celebrar<\/strong> como nunca antes!<br data-start=\"934\" data-end=\"937\" \/><strong data-start=\"937\" data-end=\"954\">Reserva ahora<\/strong> y aseg\u00farate de que tu cumplea\u00f1os sea realmente especial. \ud83c\udf82\ud83c\udf0a\ud83e\udd73<\/p>\n<\/div>\n<p>&nbsp;<\/p>\n","protected":false},"featured_media":3463,"template":"","meta":{"site-sidebar-layout":"default","site-content-layout":"","ast-site-content-layout":"default","site-content-style":"default","site-sidebar-style":"default","ast-global-header-display":"","ast-banner-title-visibility":"","ast-main-header-display":"","ast-hfb-above-header-display":"","ast-hfb-below-header-display":"","ast-hfb-mobile-header-display":"","site-post-title":"","ast-breadcrumbs-content":"","ast-featured-img":"","footer-sml-layout":"","ast-disable-related-posts":"","theme-transparent-header-meta":"default","adv-header-id-meta":"","stick-header-meta":"","header-above-stick-meta":"","header-main-stick-meta":"","header-below-stick-meta":"","astra-migrate-meta-layouts":"set","ast-page-background-enabled":"default","ast-page-background-meta":{"desktop":{"background-color":"var(--ast-global-color-5)","background-image":"","background-repeat":"repeat","background-position":"center center","background-size":"auto","background-attachment":"scroll","background-type":"","background-media":"","overlay-type":"","overlay-color":"","overlay-opacity":"","overlay-gradient":""},"tablet":{"background-color":"","background-image":"","background-repeat":"repeat","background-position":"center center","background-size":"auto","background-attachment":"scroll","background-type":"","background-media":"","overlay-type":"","overlay-color":"","overlay-opacity":"","overlay-gradient":""},"mobile":{"background-color":"","background-image":"","background-repeat":"repeat","background-position":"center center","background-size":"auto","background-attachment":"scroll","background-type":"","background-media":"","overlay-type":"","overlay-color":"","overlay-opacity":"","overlay-gradient":""}},"ast-content-background-meta":{"desktop":{"background-color":"var(--ast-global-color-4)","background-image":"","background-repeat":"repeat","background-position":"center center","background-size":"auto","background-attachment":"scroll","background-type":"","background-media":"","overlay-type":"","overlay-color":"","overlay-opacity":"","overlay-gradient":""},"tablet":{"background-color":"var(--ast-global-color-4)","background-image":"","background-repeat":"repeat","background-position":"center center","background-size":"auto","background-attachment":"scroll","background-type":"","background-media":"","overlay-type":"","overlay-color":"","overlay-opacity":"","overlay-gradient":""},"mobile":{"background-color":"var(--ast-global-color-4)","background-image":"","background-repeat":"repeat","background-position":"center center","background-size":"auto","background-attachment":"scroll","background-type":"","background-media":"","overlay-type":"","overlay-color":"","overlay-opacity":"","overlay-gradient":""}},"pgc_sgb_lightbox_settings":""},"product_brand":[],"product_cat":[23],"product_tag":[],"class_list":{"0":"post-250","1":"product","2":"type-product","3":"status-publish","4":"has-post-thumbnail","6":"product_cat-servicios","7":"desktop-align-left","8":"tablet-align-left","9":"mobile-align-left","11":"first","12":"outofstock","13":"sold-individually","14":"shipping-taxable","15":"purchasable","16":"product-type-simple"},"yoast_head":"<!-- This site is optimized with the Yoast SEO plugin v27.3 - https:\/\/yoast.com\/product\/yoast-seo-wordpress\/ -->\n<title>Acuafiesta - SERVICIOS Y DEPORTES<\/title>\n<meta name=\"robots\" content=\"index, follow, max-snippet:-1, max-image-preview:large, max-video-preview:-1\" \/>\n<link rel=\"canonical\" href=\"https:\/\/serviciosydeportes.com.co\/?product=acuafiesta\" \/>\n<meta property=\"og:locale\" content=\"es_ES\" \/>\n<meta property=\"og:type\" content=\"article\" \/>\n<meta property=\"og:title\" content=\"Acuafiesta - SERVICIOS Y DEPORTES\" \/>\n<meta property=\"og:description\" content=\"SUSPENDIDO TEMPORALMENTE - PRONTO SE RE-ACTIVARA \ud83c\udf89 Fiesta en la Piscina: \u00a1Cumplea\u00f1os, Diversi\u00f3n y Aventura! Te invitamos a celebrar un cumplea\u00f1os inolvidable junto a tus amigos en nuestra fiesta en la piscina. Disfruta de un d\u00eda lleno de juegos acu\u00e1ticos, risas y sorpresas en un espacio seguro y especialmente dise\u00f1ado para la diversi\u00f3n. Sum\u00e9rgete en una experiencia \u00fanica, rodeado de agua y acompa\u00f1ado por instructores calificados que garantizar\u00e1n la seguridad y el entretenimiento de todos los invitados. \u2705 Actividades guiadas: Juegos, competencias y din\u00e1micas adaptadas a todas las edades.\u2705 Espacios exclusivos: Piscina climatizada y \u00e1reas decoradas para celebrar en grande.\u2705 Diversi\u00f3n segura: Supervisi\u00f3n constante por profesionales certificados. \u00a1Ven a nadar, jugar y celebrar como nunca antes!Reserva ahora y aseg\u00farate de que tu cumplea\u00f1os sea realmente especial. \ud83c\udf82\ud83c\udf0a\ud83e\udd73   &nbsp;\" \/>\n<meta property=\"og:url\" content=\"https:\/\/serviciosydeportes.com.co\/?product=acuafiesta\" \/>\n<meta property=\"og:site_name\" content=\"SERVICIOS Y DEPORTES\" \/>\n<meta property=\"article:publisher\" content=\"https:\/\/web.facebook.com\/escuela.s.y.l.d\/\" \/>\n<meta property=\"article:modified_time\" content=\"2025-03-06T07:04:04+00:00\" \/>\n<meta property=\"og:image\" content=\"https:\/\/serviciosydeportes.com.co\/wp-content\/uploads\/2025\/02\/asbv23ds.jpg\" \/>\n\t<meta property=\"og:image:width\" content=\"500\" \/>\n\t<meta property=\"og:image:height\" content=\"500\" \/>\n\t<meta property=\"og:image:type\" content=\"image\/jpeg\" \/>\n<meta name=\"twitter:card\" content=\"summary_large_image\" \/>\n<meta name=\"twitter:label1\" content=\"Tiempo de lectura\" \/>\n\t<meta name=\"twitter:data1\" content=\"1 minuto\" \/>\n<script type=\"application\/ld+json\" class=\"yoast-schema-graph\">{\"@context\":\"https:\\\/\\\/schema.org\",\"@graph\":[{\"@type\":\"WebPage\",\"@id\":\"https:\\\/\\\/serviciosydeportes.com.co\\\/?product=acuafiesta\",\"url\":\"https:\\\/\\\/serviciosydeportes.com.co\\\/?product=acuafiesta\",\"name\":\"Acuafiesta - SERVICIOS Y DEPORTES\",\"isPartOf\":{\"@id\":\"https:\\\/\\\/serviciosydeportes.com.co\\\/#website\"},\"primaryImageOfPage\":{\"@id\":\"https:\\\/\\\/serviciosydeportes.com.co\\\/?product=acuafiesta#primaryimage\"},\"image\":{\"@id\":\"https:\\\/\\\/serviciosydeportes.com.co\\\/?product=acuafiesta#primaryimage\"},\"thumbnailUrl\":\"https:\\\/\\\/serviciosydeportes.com.co\\\/wp-content\\\/uploads\\\/2025\\\/02\\\/asbv23ds.jpg\",\"datePublished\":\"2025-02-25T19:08:51+00:00\",\"dateModified\":\"2025-03-06T07:04:04+00:00\",\"breadcrumb\":{\"@id\":\"https:\\\/\\\/serviciosydeportes.com.co\\\/?product=acuafiesta#breadcrumb\"},\"inLanguage\":\"es\",\"potentialAction\":[{\"@type\":\"ReadAction\",\"target\":[\"https:\\\/\\\/serviciosydeportes.com.co\\\/?product=acuafiesta\"]}]},{\"@type\":\"ImageObject\",\"inLanguage\":\"es\",\"@id\":\"https:\\\/\\\/serviciosydeportes.com.co\\\/?product=acuafiesta#primaryimage\",\"url\":\"https:\\\/\\\/serviciosydeportes.com.co\\\/wp-content\\\/uploads\\\/2025\\\/02\\\/asbv23ds.jpg\",\"contentUrl\":\"https:\\\/\\\/serviciosydeportes.com.co\\\/wp-content\\\/uploads\\\/2025\\\/02\\\/asbv23ds.jpg\",\"width\":500,\"height\":500},{\"@type\":\"BreadcrumbList\",\"@id\":\"https:\\\/\\\/serviciosydeportes.com.co\\\/?product=acuafiesta#breadcrumb\",\"itemListElement\":[{\"@type\":\"ListItem\",\"position\":1,\"name\":\"Portada\",\"item\":\"https:\\\/\\\/serviciosydeportes.com.co\\\/\"},{\"@type\":\"ListItem\",\"position\":2,\"name\":\"Tienda\",\"item\":\"https:\\\/\\\/serviciosydeportes.com.co\\\/?page_id=72\"},{\"@type\":\"ListItem\",\"position\":3,\"name\":\"Acuafiesta\"}]},{\"@type\":\"WebSite\",\"@id\":\"https:\\\/\\\/serviciosydeportes.com.co\\\/#website\",\"url\":\"https:\\\/\\\/serviciosydeportes.com.co\\\/\",\"name\":\"SERVICIOSYDEPORTES.COM.CO\",\"description\":\"\",\"publisher\":{\"@id\":\"https:\\\/\\\/serviciosydeportes.com.co\\\/#organization\"},\"potentialAction\":[{\"@type\":\"SearchAction\",\"target\":{\"@type\":\"EntryPoint\",\"urlTemplate\":\"https:\\\/\\\/serviciosydeportes.com.co\\\/?s={search_term_string}\"},\"query-input\":{\"@type\":\"PropertyValueSpecification\",\"valueRequired\":true,\"valueName\":\"search_term_string\"}}],\"inLanguage\":\"es\"},{\"@type\":\"Organization\",\"@id\":\"https:\\\/\\\/serviciosydeportes.com.co\\\/#organization\",\"name\":\"SERVICIOS Y DEPORTES SYLD\",\"url\":\"https:\\\/\\\/serviciosydeportes.com.co\\\/\",\"logo\":{\"@type\":\"ImageObject\",\"inLanguage\":\"es\",\"@id\":\"https:\\\/\\\/serviciosydeportes.com.co\\\/#\\\/schema\\\/logo\\\/image\\\/\",\"url\":\"https:\\\/\\\/serviciosydeportes.com.co\\\/wp-content\\\/uploads\\\/2025\\\/02\\\/log21kjh.png\",\"contentUrl\":\"https:\\\/\\\/serviciosydeportes.com.co\\\/wp-content\\\/uploads\\\/2025\\\/02\\\/log21kjh.png\",\"width\":160,\"height\":160,\"caption\":\"SERVICIOS Y DEPORTES SYLD\"},\"image\":{\"@id\":\"https:\\\/\\\/serviciosydeportes.com.co\\\/#\\\/schema\\\/logo\\\/image\\\/\"},\"sameAs\":[\"https:\\\/\\\/web.facebook.com\\\/escuela.s.y.l.d\\\/\",\"https:\\\/\\\/www.instagram.com\\\/escuela_s.y.l.d\"]}]}<\/script>\n<!-- \/ Yoast SEO plugin. -->","yoast_head_json":{"title":"Acuafiesta - SERVICIOS Y DEPORTES","robots":{"index":"index","follow":"follow","max-snippet":"max-snippet:-1","max-image-preview":"max-image-preview:large","max-video-preview":"max-video-preview:-1"},"canonical":"https:\/\/serviciosydeportes.com.co\/?product=acuafiesta","og_locale":"es_ES","og_type":"article","og_title":"Acuafiesta - SERVICIOS Y DEPORTES","og_description":"SUSPENDIDO TEMPORALMENTE - PRONTO SE RE-ACTIVARA \ud83c\udf89 Fiesta en la Piscina: \u00a1Cumplea\u00f1os, Diversi\u00f3n y Aventura! Te invitamos a celebrar un cumplea\u00f1os inolvidable junto a tus amigos en nuestra fiesta en la piscina. Disfruta de un d\u00eda lleno de juegos acu\u00e1ticos, risas y sorpresas en un espacio seguro y especialmente dise\u00f1ado para la diversi\u00f3n. Sum\u00e9rgete en una experiencia \u00fanica, rodeado de agua y acompa\u00f1ado por instructores calificados que garantizar\u00e1n la seguridad y el entretenimiento de todos los invitados. \u2705 Actividades guiadas: Juegos, competencias y din\u00e1micas adaptadas a todas las edades.\u2705 Espacios exclusivos: Piscina climatizada y \u00e1reas decoradas para celebrar en grande.\u2705 Diversi\u00f3n segura: Supervisi\u00f3n constante por profesionales certificados. \u00a1Ven a nadar, jugar y celebrar como nunca antes!Reserva ahora y aseg\u00farate de que tu cumplea\u00f1os sea realmente especial. \ud83c\udf82\ud83c\udf0a\ud83e\udd73   &nbsp;","og_url":"https:\/\/serviciosydeportes.com.co\/?product=acuafiesta","og_site_name":"SERVICIOS Y DEPORTES","article_publisher":"https:\/\/web.facebook.com\/escuela.s.y.l.d\/","article_modified_time":"2025-03-06T07:04:04+00:00","og_image":[{"width":500,"height":500,"url":"https:\/\/serviciosydeportes.com.co\/wp-content\/uploads\/2025\/02\/asbv23ds.jpg","type":"image\/jpeg"}],"twitter_card":"summary_large_image","twitter_misc":{"Tiempo de lectura":"1 minuto"},"schema":{"@context":"https:\/\/schema.org","@graph":[{"@type":"WebPage","@id":"https:\/\/serviciosydeportes.com.co\/?product=acuafiesta","url":"https:\/\/serviciosydeportes.com.co\/?product=acuafiesta","name":"Acuafiesta - SERVICIOS Y DEPORTES","isPartOf":{"@id":"https:\/\/serviciosydeportes.com.co\/#website"},"primaryImageOfPage":{"@id":"https:\/\/serviciosydeportes.com.co\/?product=acuafiesta#primaryimage"},"image":{"@id":"https:\/\/serviciosydeportes.com.co\/?product=acuafiesta#primaryimage"},"thumbnailUrl":"https:\/\/serviciosydeportes.com.co\/wp-content\/uploads\/2025\/02\/asbv23ds.jpg","datePublished":"2025-02-25T19:08:51+00:00","dateModified":"2025-03-06T07:04:04+00:00","breadcrumb":{"@id":"https:\/\/serviciosydeportes.com.co\/?product=acuafiesta#breadcrumb"},"inLanguage":"es","potentialAction":[{"@type":"ReadAction","target":["https:\/\/serviciosydeportes.com.co\/?product=acuafiesta"]}]},{"@type":"ImageObject","inLanguage":"es","@id":"https:\/\/serviciosydeportes.com.co\/?product=acuafiesta#primaryimage","url":"https:\/\/serviciosydeportes.com.co\/wp-content\/uploads\/2025\/02\/asbv23ds.jpg","contentUrl":"https:\/\/serviciosydeportes.com.co\/wp-content\/uploads\/2025\/02\/asbv23ds.jpg","width":500,"height":500},{"@type":"BreadcrumbList","@id":"https:\/\/serviciosydeportes.com.co\/?product=acuafiesta#breadcrumb","itemListElement":[{"@type":"ListItem","position":1,"name":"Portada","item":"https:\/\/serviciosydeportes.com.co\/"},{"@type":"ListItem","position":2,"name":"Tienda","item":"https:\/\/serviciosydeportes.com.co\/?page_id=72"},{"@type":"ListItem","position":3,"name":"Acuafiesta"}]},{"@type":"WebSite","@id":"https:\/\/serviciosydeportes.com.co\/#website","url":"https:\/\/serviciosydeportes.com.co\/","name":"SERVICIOSYDEPORTES.COM.CO","description":"","publisher":{"@id":"https:\/\/serviciosydeportes.com.co\/#organization"},"potentialAction":[{"@type":"SearchAction","target":{"@type":"EntryPoint","urlTemplate":"https:\/\/serviciosydeportes.com.co\/?s={search_term_string}"},"query-input":{"@type":"PropertyValueSpecification","valueRequired":true,"valueName":"search_term_string"}}],"inLanguage":"es"},{"@type":"Organization","@id":"https:\/\/serviciosydeportes.com.co\/#organization","name":"SERVICIOS Y DEPORTES SYLD","url":"https:\/\/serviciosydeportes.com.co\/","logo":{"@type":"ImageObject","inLanguage":"es","@id":"https:\/\/serviciosydeportes.com.co\/#\/schema\/logo\/image\/","url":"https:\/\/serviciosydeportes.com.co\/wp-content\/uploads\/2025\/02\/log21kjh.png","contentUrl":"https:\/\/serviciosydeportes.com.co\/wp-content\/uploads\/2025\/02\/log21kjh.png","width":160,"height":160,"caption":"SERVICIOS Y DEPORTES SYLD"},"image":{"@id":"https:\/\/serviciosydeportes.com.co\/#\/schema\/logo\/image\/"},"sameAs":["https:\/\/web.facebook.com\/escuela.s.y.l.d\/","https:\/\/www.instagram.com\/escuela_s.y.l.d"]}]}},"_links":{"self":[{"href":"https:\/\/serviciosydeportes.com.co\/index.php?rest_route=\/wp\/v2\/product\/250","targetHints":{"allow":["GET"]}}],"collection":[{"href":"https:\/\/serviciosydeportes.com.co\/index.php?rest_route=\/wp\/v2\/product"}],"about":[{"href":"https:\/\/serviciosydeportes.com.co\/index.php?rest_route=\/wp\/v2\/types\/product"}],"wp:featuredmedia":[{"embeddable":true,"href":"https:\/\/serviciosydeportes.com.co\/index.php?rest_route=\/wp\/v2\/media\/3463"}],"wp:attachment":[{"href":"https:\/\/serviciosydeportes.com.co\/index.php?rest_route=%2Fwp%2Fv2%2Fmedia&parent=250"}],"wp:term":[{"taxonomy":"product_brand","embeddable":true,"href":"https:\/\/serviciosydeportes.com.co\/index.php?rest_route=%2Fwp%2Fv2%2Fproduct_brand&post=250"},{"taxonomy":"product_cat","embeddable":true,"href":"https:\/\/serviciosydeportes.com.co\/index.php?rest_route=%2Fwp%2Fv2%2Fproduct_cat&post=250"},{"taxonomy":"product_tag","embeddable":true,"href":"https:\/\/serviciosydeportes.com.co\/index.php?rest_route=%2Fwp%2Fv2%2Fproduct_tag&post=250"}],"curies":[{"name":"wp","href":"https:\/\/api.w.org\/{rel}","templated":true}]}}