{"id":245,"date":"2025-02-25T20:08:51","date_gmt":"2025-02-25T19:08:51","guid":{"rendered":"http:\/\/localhost\/wordpresslocal\/syld\/?post_type=product&#038;p=245"},"modified":"2025-03-02T10:18:23","modified_gmt":"2025-03-02T09:18:23","slug":"certificado-natacion-con-prueba-o-curso","status":"publish","type":"product","link":"https:\/\/serviciosydeportes.com.co\/?product=certificado-natacion-con-prueba-o-curso","title":{"rendered":"Certificado Nataci\u00f3n con prueba o curso"},"content":{"rendered":"","protected":false},"excerpt":{"rendered":"<h3 data-start=\"103\" data-end=\"175\">\ud83c\udfca\u200d\u2642\ufe0f <strong data-start=\"113\" data-end=\"173\">Certificado de Nataci\u00f3n: Avale sus Habilidades Acu\u00e1ticas<\/strong><\/h3>\n<p data-start=\"176\" data-end=\"425\">El <strong data-start=\"179\" data-end=\"206\">Certificado de Nataci\u00f3n<\/strong> est\u00e1 dirigido a personas que, por su desempe\u00f1o laboral en sectores como la <strong data-start=\"282\" data-end=\"347\">aviaci\u00f3n, la marina, la polic\u00eda, el ej\u00e9rcito, la fuerza a\u00e9rea<\/strong>, entre otros, requieren acreditar habilidades m\u00ednimas en el medio acu\u00e1tico.<\/p>\n<p data-start=\"427\" data-end=\"675\">Este servicio permite <strong data-start=\"449\" data-end=\"489\">certificar sus destrezas en nataci\u00f3n<\/strong> mediante una evaluaci\u00f3n completa que incluye los estilos b\u00e1sicos como <strong data-start=\"560\" data-end=\"579\">libre y espalda<\/strong>, adem\u00e1s de t\u00e9cnicas espec\u00edficas como <strong data-start=\"617\" data-end=\"672\">entrada al agua, vadeo y diferentes tipos de patada<\/strong>.<\/p>\n<p data-start=\"677\" data-end=\"983\">\u2705 <strong data-start=\"679\" data-end=\"706\">Evaluaci\u00f3n profesional:<\/strong> Pruebas pr\u00e1cticas realizadas por <strong data-start=\"740\" data-end=\"783\">instructores calificados y certificados<\/strong>.<br data-start=\"784\" data-end=\"787\" \/>\u2705 <strong data-start=\"789\" data-end=\"812\">Constancia oficial:<\/strong> Certificaci\u00f3n de la correcta ejecuci\u00f3n de las habilidades evaluadas.<br data-start=\"881\" data-end=\"884\" \/>\u2705 <strong data-start=\"886\" data-end=\"917\">Adaptado a sus necesidades:<\/strong> Opciones de evaluaci\u00f3n directa o mediante cursos preparatorios.<\/p>\n<p data-start=\"985\" data-end=\"1116\">Acredite sus habilidades en el agua de forma segura y confiable.<br data-start=\"1049\" data-end=\"1052\" \/><strong data-start=\"1052\" data-end=\"1072\">Inscr\u00edbase ahora<\/strong> y obtenga su <strong data-start=\"1086\" data-end=\"1113\">Certificado de Nataci\u00f3n<\/strong><\/p>\n<p>&nbsp;<\/p>\n","protected":false},"featured_media":3461,"template":"","meta":{"site-sidebar-layout":"default","site-content-layout":"","ast-site-content-layout":"default","site-content-style":"default","site-sidebar-style":"default","ast-global-header-display":"","ast-banner-title-visibility":"","ast-main-header-display":"","ast-hfb-above-header-display":"","ast-hfb-below-header-display":"","ast-hfb-mobile-header-display":"","site-post-title":"","ast-breadcrumbs-content":"","ast-featured-img":"","footer-sml-layout":"","ast-disable-related-posts":"","theme-transparent-header-meta":"default","adv-header-id-meta":"","stick-header-meta":"","header-above-stick-meta":"","header-main-stick-meta":"","header-below-stick-meta":"","astra-migrate-meta-layouts":"set","ast-page-background-enabled":"default","ast-page-background-meta":{"desktop":{"background-color":"var(--ast-global-color-5)","background-image":"","background-repeat":"repeat","background-position":"center center","background-size":"auto","background-attachment":"scroll","background-type":"","background-media":"","overlay-type":"","overlay-color":"","overlay-opacity":"","overlay-gradient":""},"tablet":{"background-color":"","background-image":"","background-repeat":"repeat","background-position":"center center","background-size":"auto","background-attachment":"scroll","background-type":"","background-media":"","overlay-type":"","overlay-color":"","overlay-opacity":"","overlay-gradient":""},"mobile":{"background-color":"","background-image":"","background-repeat":"repeat","background-position":"center center","background-size":"auto","background-attachment":"scroll","background-type":"","background-media":"","overlay-type":"","overlay-color":"","overlay-opacity":"","overlay-gradient":""}},"ast-content-background-meta":{"desktop":{"background-color":"var(--ast-global-color-4)","background-image":"","background-repeat":"repeat","background-position":"center center","background-size":"auto","background-attachment":"scroll","background-type":"","background-media":"","overlay-type":"","overlay-color":"","overlay-opacity":"","overlay-gradient":""},"tablet":{"background-color":"var(--ast-global-color-4)","background-image":"","background-repeat":"repeat","background-position":"center center","background-size":"auto","background-attachment":"scroll","background-type":"","background-media":"","overlay-type":"","overlay-color":"","overlay-opacity":"","overlay-gradient":""},"mobile":{"background-color":"var(--ast-global-color-4)","background-image":"","background-repeat":"repeat","background-position":"center center","background-size":"auto","background-attachment":"scroll","background-type":"","background-media":"","overlay-type":"","overlay-color":"","overlay-opacity":"","overlay-gradient":""}},"pgc_sgb_lightbox_settings":""},"product_brand":[],"product_cat":[23],"product_tag":[],"class_list":{"0":"post-245","1":"product","2":"type-product","3":"status-publish","4":"has-post-thumbnail","6":"product_cat-servicios","7":"desktop-align-left","8":"tablet-align-left","9":"mobile-align-left","11":"first","12":"instock","13":"sold-individually","14":"shipping-taxable","15":"purchasable","16":"product-type-simple"},"yoast_head":"<!-- This site is optimized with the Yoast SEO plugin v27.3 - https:\/\/yoast.com\/product\/yoast-seo-wordpress\/ -->\n<title>Certificado Nataci\u00f3n con prueba o curso - SERVICIOS Y DEPORTES<\/title>\n<meta name=\"robots\" content=\"index, follow, max-snippet:-1, max-image-preview:large, max-video-preview:-1\" \/>\n<link rel=\"canonical\" href=\"https:\/\/serviciosydeportes.com.co\/?product=certificado-natacion-con-prueba-o-curso\" \/>\n<meta property=\"og:locale\" content=\"es_ES\" \/>\n<meta property=\"og:type\" content=\"article\" \/>\n<meta property=\"og:title\" content=\"Certificado Nataci\u00f3n con prueba o curso - SERVICIOS Y DEPORTES\" \/>\n<meta property=\"og:description\" content=\"\ud83c\udfca\u200d\u2642\ufe0f Certificado de Nataci\u00f3n: Avale sus Habilidades Acu\u00e1ticas El Certificado de Nataci\u00f3n est\u00e1 dirigido a personas que, por su desempe\u00f1o laboral en sectores como la aviaci\u00f3n, la marina, la polic\u00eda, el ej\u00e9rcito, la fuerza a\u00e9rea, entre otros, requieren acreditar habilidades m\u00ednimas en el medio acu\u00e1tico. Este servicio permite certificar sus destrezas en nataci\u00f3n mediante una evaluaci\u00f3n completa que incluye los estilos b\u00e1sicos como libre y espalda, adem\u00e1s de t\u00e9cnicas espec\u00edficas como entrada al agua, vadeo y diferentes tipos de patada. \u2705 Evaluaci\u00f3n profesional: Pruebas pr\u00e1cticas realizadas por instructores calificados y certificados.\u2705 Constancia oficial: Certificaci\u00f3n de la correcta ejecuci\u00f3n de las habilidades evaluadas.\u2705 Adaptado a sus necesidades: Opciones de evaluaci\u00f3n directa o mediante cursos preparatorios. Acredite sus habilidades en el agua de forma segura y confiable.Inscr\u00edbase ahora y obtenga su Certificado de Nataci\u00f3n &nbsp;\" \/>\n<meta property=\"og:url\" content=\"https:\/\/serviciosydeportes.com.co\/?product=certificado-natacion-con-prueba-o-curso\" \/>\n<meta property=\"og:site_name\" content=\"SERVICIOS Y DEPORTES\" \/>\n<meta property=\"article:publisher\" content=\"https:\/\/web.facebook.com\/escuela.s.y.l.d\/\" \/>\n<meta property=\"article:modified_time\" content=\"2025-03-02T09:18:23+00:00\" \/>\n<meta property=\"og:image\" content=\"https:\/\/serviciosydeportes.com.co\/wp-content\/uploads\/2025\/02\/asdprof.jpg\" \/>\n\t<meta property=\"og:image:width\" content=\"500\" \/>\n\t<meta property=\"og:image:height\" content=\"500\" \/>\n\t<meta property=\"og:image:type\" content=\"image\/jpeg\" \/>\n<meta name=\"twitter:card\" content=\"summary_large_image\" \/>\n<script type=\"application\/ld+json\" class=\"yoast-schema-graph\">{\"@context\":\"https:\\\/\\\/schema.org\",\"@graph\":[{\"@type\":\"WebPage\",\"@id\":\"https:\\\/\\\/serviciosydeportes.com.co\\\/?product=certificado-natacion-con-prueba-o-curso\",\"url\":\"https:\\\/\\\/serviciosydeportes.com.co\\\/?product=certificado-natacion-con-prueba-o-curso\",\"name\":\"Certificado Nataci\u00f3n con prueba o curso - SERVICIOS Y DEPORTES\",\"isPartOf\":{\"@id\":\"https:\\\/\\\/serviciosydeportes.com.co\\\/#website\"},\"primaryImageOfPage\":{\"@id\":\"https:\\\/\\\/serviciosydeportes.com.co\\\/?product=certificado-natacion-con-prueba-o-curso#primaryimage\"},\"image\":{\"@id\":\"https:\\\/\\\/serviciosydeportes.com.co\\\/?product=certificado-natacion-con-prueba-o-curso#primaryimage\"},\"thumbnailUrl\":\"https:\\\/\\\/serviciosydeportes.com.co\\\/wp-content\\\/uploads\\\/2025\\\/02\\\/asdprof.jpg\",\"datePublished\":\"2025-02-25T19:08:51+00:00\",\"dateModified\":\"2025-03-02T09:18:23+00:00\",\"breadcrumb\":{\"@id\":\"https:\\\/\\\/serviciosydeportes.com.co\\\/?product=certificado-natacion-con-prueba-o-curso#breadcrumb\"},\"inLanguage\":\"es\",\"potentialAction\":[{\"@type\":\"ReadAction\",\"target\":[\"https:\\\/\\\/serviciosydeportes.com.co\\\/?product=certificado-natacion-con-prueba-o-curso\"]}]},{\"@type\":\"ImageObject\",\"inLanguage\":\"es\",\"@id\":\"https:\\\/\\\/serviciosydeportes.com.co\\\/?product=certificado-natacion-con-prueba-o-curso#primaryimage\",\"url\":\"https:\\\/\\\/serviciosydeportes.com.co\\\/wp-content\\\/uploads\\\/2025\\\/02\\\/asdprof.jpg\",\"contentUrl\":\"https:\\\/\\\/serviciosydeportes.com.co\\\/wp-content\\\/uploads\\\/2025\\\/02\\\/asdprof.jpg\",\"width\":500,\"height\":500},{\"@type\":\"BreadcrumbList\",\"@id\":\"https:\\\/\\\/serviciosydeportes.com.co\\\/?product=certificado-natacion-con-prueba-o-curso#breadcrumb\",\"itemListElement\":[{\"@type\":\"ListItem\",\"position\":1,\"name\":\"Portada\",\"item\":\"https:\\\/\\\/serviciosydeportes.com.co\\\/\"},{\"@type\":\"ListItem\",\"position\":2,\"name\":\"Tienda\",\"item\":\"https:\\\/\\\/serviciosydeportes.com.co\\\/?page_id=72\"},{\"@type\":\"ListItem\",\"position\":3,\"name\":\"Certificado Nataci\u00f3n con prueba o curso\"}]},{\"@type\":\"WebSite\",\"@id\":\"https:\\\/\\\/serviciosydeportes.com.co\\\/#website\",\"url\":\"https:\\\/\\\/serviciosydeportes.com.co\\\/\",\"name\":\"SERVICIOSYDEPORTES.COM.CO\",\"description\":\"\",\"publisher\":{\"@id\":\"https:\\\/\\\/serviciosydeportes.com.co\\\/#organization\"},\"potentialAction\":[{\"@type\":\"SearchAction\",\"target\":{\"@type\":\"EntryPoint\",\"urlTemplate\":\"https:\\\/\\\/serviciosydeportes.com.co\\\/?s={search_term_string}\"},\"query-input\":{\"@type\":\"PropertyValueSpecification\",\"valueRequired\":true,\"valueName\":\"search_term_string\"}}],\"inLanguage\":\"es\"},{\"@type\":\"Organization\",\"@id\":\"https:\\\/\\\/serviciosydeportes.com.co\\\/#organization\",\"name\":\"SERVICIOS Y DEPORTES SYLD\",\"url\":\"https:\\\/\\\/serviciosydeportes.com.co\\\/\",\"logo\":{\"@type\":\"ImageObject\",\"inLanguage\":\"es\",\"@id\":\"https:\\\/\\\/serviciosydeportes.com.co\\\/#\\\/schema\\\/logo\\\/image\\\/\",\"url\":\"https:\\\/\\\/serviciosydeportes.com.co\\\/wp-content\\\/uploads\\\/2025\\\/02\\\/log21kjh.png\",\"contentUrl\":\"https:\\\/\\\/serviciosydeportes.com.co\\\/wp-content\\\/uploads\\\/2025\\\/02\\\/log21kjh.png\",\"width\":160,\"height\":160,\"caption\":\"SERVICIOS Y DEPORTES SYLD\"},\"image\":{\"@id\":\"https:\\\/\\\/serviciosydeportes.com.co\\\/#\\\/schema\\\/logo\\\/image\\\/\"},\"sameAs\":[\"https:\\\/\\\/web.facebook.com\\\/escuela.s.y.l.d\\\/\",\"https:\\\/\\\/www.instagram.com\\\/escuela_s.y.l.d\"]}]}<\/script>\n<!-- \/ Yoast SEO plugin. -->","yoast_head_json":{"title":"Certificado Nataci\u00f3n con prueba o curso - SERVICIOS Y DEPORTES","robots":{"index":"index","follow":"follow","max-snippet":"max-snippet:-1","max-image-preview":"max-image-preview:large","max-video-preview":"max-video-preview:-1"},"canonical":"https:\/\/serviciosydeportes.com.co\/?product=certificado-natacion-con-prueba-o-curso","og_locale":"es_ES","og_type":"article","og_title":"Certificado Nataci\u00f3n con prueba o curso - SERVICIOS Y DEPORTES","og_description":"\ud83c\udfca\u200d\u2642\ufe0f Certificado de Nataci\u00f3n: Avale sus Habilidades Acu\u00e1ticas El Certificado de Nataci\u00f3n est\u00e1 dirigido a personas que, por su desempe\u00f1o laboral en sectores como la aviaci\u00f3n, la marina, la polic\u00eda, el ej\u00e9rcito, la fuerza a\u00e9rea, entre otros, requieren acreditar habilidades m\u00ednimas en el medio acu\u00e1tico. Este servicio permite certificar sus destrezas en nataci\u00f3n mediante una evaluaci\u00f3n completa que incluye los estilos b\u00e1sicos como libre y espalda, adem\u00e1s de t\u00e9cnicas espec\u00edficas como entrada al agua, vadeo y diferentes tipos de patada. \u2705 Evaluaci\u00f3n profesional: Pruebas pr\u00e1cticas realizadas por instructores calificados y certificados.\u2705 Constancia oficial: Certificaci\u00f3n de la correcta ejecuci\u00f3n de las habilidades evaluadas.\u2705 Adaptado a sus necesidades: Opciones de evaluaci\u00f3n directa o mediante cursos preparatorios. Acredite sus habilidades en el agua de forma segura y confiable.Inscr\u00edbase ahora y obtenga su Certificado de Nataci\u00f3n &nbsp;","og_url":"https:\/\/serviciosydeportes.com.co\/?product=certificado-natacion-con-prueba-o-curso","og_site_name":"SERVICIOS Y DEPORTES","article_publisher":"https:\/\/web.facebook.com\/escuela.s.y.l.d\/","article_modified_time":"2025-03-02T09:18:23+00:00","og_image":[{"width":500,"height":500,"url":"https:\/\/serviciosydeportes.com.co\/wp-content\/uploads\/2025\/02\/asdprof.jpg","type":"image\/jpeg"}],"twitter_card":"summary_large_image","schema":{"@context":"https:\/\/schema.org","@graph":[{"@type":"WebPage","@id":"https:\/\/serviciosydeportes.com.co\/?product=certificado-natacion-con-prueba-o-curso","url":"https:\/\/serviciosydeportes.com.co\/?product=certificado-natacion-con-prueba-o-curso","name":"Certificado Nataci\u00f3n con prueba o curso - SERVICIOS Y DEPORTES","isPartOf":{"@id":"https:\/\/serviciosydeportes.com.co\/#website"},"primaryImageOfPage":{"@id":"https:\/\/serviciosydeportes.com.co\/?product=certificado-natacion-con-prueba-o-curso#primaryimage"},"image":{"@id":"https:\/\/serviciosydeportes.com.co\/?product=certificado-natacion-con-prueba-o-curso#primaryimage"},"thumbnailUrl":"https:\/\/serviciosydeportes.com.co\/wp-content\/uploads\/2025\/02\/asdprof.jpg","datePublished":"2025-02-25T19:08:51+00:00","dateModified":"2025-03-02T09:18:23+00:00","breadcrumb":{"@id":"https:\/\/serviciosydeportes.com.co\/?product=certificado-natacion-con-prueba-o-curso#breadcrumb"},"inLanguage":"es","potentialAction":[{"@type":"ReadAction","target":["https:\/\/serviciosydeportes.com.co\/?product=certificado-natacion-con-prueba-o-curso"]}]},{"@type":"ImageObject","inLanguage":"es","@id":"https:\/\/serviciosydeportes.com.co\/?product=certificado-natacion-con-prueba-o-curso#primaryimage","url":"https:\/\/serviciosydeportes.com.co\/wp-content\/uploads\/2025\/02\/asdprof.jpg","contentUrl":"https:\/\/serviciosydeportes.com.co\/wp-content\/uploads\/2025\/02\/asdprof.jpg","width":500,"height":500},{"@type":"BreadcrumbList","@id":"https:\/\/serviciosydeportes.com.co\/?product=certificado-natacion-con-prueba-o-curso#breadcrumb","itemListElement":[{"@type":"ListItem","position":1,"name":"Portada","item":"https:\/\/serviciosydeportes.com.co\/"},{"@type":"ListItem","position":2,"name":"Tienda","item":"https:\/\/serviciosydeportes.com.co\/?page_id=72"},{"@type":"ListItem","position":3,"name":"Certificado Nataci\u00f3n con prueba o curso"}]},{"@type":"WebSite","@id":"https:\/\/serviciosydeportes.com.co\/#website","url":"https:\/\/serviciosydeportes.com.co\/","name":"SERVICIOSYDEPORTES.COM.CO","description":"","publisher":{"@id":"https:\/\/serviciosydeportes.com.co\/#organization"},"potentialAction":[{"@type":"SearchAction","target":{"@type":"EntryPoint","urlTemplate":"https:\/\/serviciosydeportes.com.co\/?s={search_term_string}"},"query-input":{"@type":"PropertyValueSpecification","valueRequired":true,"valueName":"search_term_string"}}],"inLanguage":"es"},{"@type":"Organization","@id":"https:\/\/serviciosydeportes.com.co\/#organization","name":"SERVICIOS Y DEPORTES SYLD","url":"https:\/\/serviciosydeportes.com.co\/","logo":{"@type":"ImageObject","inLanguage":"es","@id":"https:\/\/serviciosydeportes.com.co\/#\/schema\/logo\/image\/","url":"https:\/\/serviciosydeportes.com.co\/wp-content\/uploads\/2025\/02\/log21kjh.png","contentUrl":"https:\/\/serviciosydeportes.com.co\/wp-content\/uploads\/2025\/02\/log21kjh.png","width":160,"height":160,"caption":"SERVICIOS Y DEPORTES SYLD"},"image":{"@id":"https:\/\/serviciosydeportes.com.co\/#\/schema\/logo\/image\/"},"sameAs":["https:\/\/web.facebook.com\/escuela.s.y.l.d\/","https:\/\/www.instagram.com\/escuela_s.y.l.d"]}]}},"_links":{"self":[{"href":"https:\/\/serviciosydeportes.com.co\/index.php?rest_route=\/wp\/v2\/product\/245","targetHints":{"allow":["GET"]}}],"collection":[{"href":"https:\/\/serviciosydeportes.com.co\/index.php?rest_route=\/wp\/v2\/product"}],"about":[{"href":"https:\/\/serviciosydeportes.com.co\/index.php?rest_route=\/wp\/v2\/types\/product"}],"wp:featuredmedia":[{"embeddable":true,"href":"https:\/\/serviciosydeportes.com.co\/index.php?rest_route=\/wp\/v2\/media\/3461"}],"wp:attachment":[{"href":"https:\/\/serviciosydeportes.com.co\/index.php?rest_route=%2Fwp%2Fv2%2Fmedia&parent=245"}],"wp:term":[{"taxonomy":"product_brand","embeddable":true,"href":"https:\/\/serviciosydeportes.com.co\/index.php?rest_route=%2Fwp%2Fv2%2Fproduct_brand&post=245"},{"taxonomy":"product_cat","embeddable":true,"href":"https:\/\/serviciosydeportes.com.co\/index.php?rest_route=%2Fwp%2Fv2%2Fproduct_cat&post=245"},{"taxonomy":"product_tag","embeddable":true,"href":"https:\/\/serviciosydeportes.com.co\/index.php?rest_route=%2Fwp%2Fv2%2Fproduct_tag&post=245"}],"curies":[{"name":"wp","href":"https:\/\/api.w.org\/{rel}","templated":true}]}}